{"id":2110,"date":"2026-05-07T12:05:00","date_gmt":"2026-05-07T10:05:00","guid":{"rendered":"https:\/\/www.maszkaron.pl\/?page_id=2110"},"modified":"2026-05-07T13:20:00","modified_gmt":"2026-05-07T11:20:00","slug":"blog","status":"publish","type":"page","link":"https:\/\/www.maszkaron.pl\/index.php\/blog\/","title":{"rendered":"blog"},"content":{"rendered":"\t\t<div data-elementor-type=\"wp-page\" data-elementor-id=\"2110\" class=\"elementor elementor-2110\" data-elementor-post-type=\"page\">\n\t\t\t\t\t\t<section class=\"elementor-section elementor-top-section elementor-element elementor-element-7b7a901 elementor-section-boxed elementor-section-height-default elementor-section-height-default\" data-id=\"7b7a901\" data-element_type=\"section\" data-e-type=\"section\">\n\t\t\t\t\t\t<div class=\"elementor-container elementor-column-gap-default\">\n\t\t\t\t\t<div class=\"elementor-column elementor-col-100 elementor-top-column elementor-element elementor-element-b740faf\" data-id=\"b740faf\" data-element_type=\"column\" data-e-type=\"column\">\n\t\t\t<div class=\"elementor-widget-wrap elementor-element-populated\">\n\t\t\t\t\t\t<div class=\"elementor-element elementor-element-057bdba elementor-grid-5 elementor-grid-tablet-2 elementor-grid-mobile-1 elementor-widget elementor-widget-loop-grid\" data-id=\"057bdba\" data-element_type=\"widget\" data-e-type=\"widget\" data-settings=\"{&quot;template_id&quot;:2112,&quot;columns&quot;:5,&quot;_skin&quot;:&quot;post&quot;,&quot;columns_tablet&quot;:&quot;2&quot;,&quot;columns_mobile&quot;:&quot;1&quot;,&quot;edit_handle_selector&quot;:&quot;[data-elementor-type=\\&quot;loop-item\\&quot;]&quot;,&quot;row_gap&quot;:{&quot;unit&quot;:&quot;px&quot;,&quot;size&quot;:&quot;&quot;,&quot;sizes&quot;:[]},&quot;row_gap_tablet&quot;:{&quot;unit&quot;:&quot;px&quot;,&quot;size&quot;:&quot;&quot;,&quot;sizes&quot;:[]},&quot;row_gap_mobile&quot;:{&quot;unit&quot;:&quot;px&quot;,&quot;size&quot;:&quot;&quot;,&quot;sizes&quot;:[]}}\" data-widget_type=\"loop-grid.post\">\n\t\t\t\t<div class=\"elementor-widget-container\">\n\t\t\t\t\t\t\t<div class=\"elementor-loop-container elementor-grid\">\n\t\t<style id=\"loop-2112\"><\/style>\t\t<\/div>\n\t\t\n\t\t\t\t\t\t<\/div>\n\t\t\t\t<\/div>\n\t\t\t\t\t<\/div>\n\t\t<\/div>\n\t\t\t\t\t<\/div>\n\t\t<\/section>\n\t\t\t\t<section class=\"elementor-section elementor-top-section elementor-element elementor-element-3bf25d2 elementor-section-boxed elementor-section-height-default elementor-section-height-default\" data-id=\"3bf25d2\" data-element_type=\"section\" data-e-type=\"section\">\n\t\t\t\t\t\t<div class=\"elementor-container elementor-column-gap-default\">\n\t\t\t\t\t<div class=\"elementor-column elementor-col-100 elementor-top-column elementor-element elementor-element-6b75da7\" data-id=\"6b75da7\" data-element_type=\"column\" data-e-type=\"column\">\n\t\t\t<div class=\"elementor-widget-wrap elementor-element-populated\">\n\t\t\t\t\t\t<div class=\"elementor-element elementor-element-becacfb elementor-grid-2 elementor-grid-tablet-2 elementor-grid-mobile-1 elementor-posts--thumbnail-top elementor-posts--show-avatar elementor-card-shadow-yes elementor-posts__hover-gradient elementor-widget elementor-widget-posts\" data-id=\"becacfb\" data-element_type=\"widget\" data-e-type=\"widget\" data-settings=\"{&quot;cards_columns&quot;:&quot;2&quot;,&quot;cards_columns_tablet&quot;:&quot;2&quot;,&quot;cards_columns_mobile&quot;:&quot;1&quot;,&quot;cards_row_gap&quot;:{&quot;unit&quot;:&quot;px&quot;,&quot;size&quot;:35,&quot;sizes&quot;:[]},&quot;cards_row_gap_tablet&quot;:{&quot;unit&quot;:&quot;px&quot;,&quot;size&quot;:&quot;&quot;,&quot;sizes&quot;:[]},&quot;cards_row_gap_mobile&quot;:{&quot;unit&quot;:&quot;px&quot;,&quot;size&quot;:&quot;&quot;,&quot;sizes&quot;:[]}}\" data-widget_type=\"posts.cards\">\n\t\t\t\t<div class=\"elementor-widget-container\">\n\t\t\t\t\t\t\t<div class=\"elementor-posts-container elementor-posts elementor-posts--skin-cards elementor-grid\">\n\t\t\t\t<article class=\"elementor-post elementor-grid-item post-2136 post type-post status-publish format-standard has-post-thumbnail hentry category-bez-kategorii\">\n\t\t\t<div class=\"elementor-post__card\">\n\t\t\t\t<a class=\"elementor-post__thumbnail__link\" href=\"https:\/\/www.maszkaron.pl\/index.php\/2026\/05\/07\/jakie-drewno-wybrac-do-frezowania-cnc\/\" tabindex=\"-1\" ><div class=\"elementor-post__thumbnail\"><img fetchpriority=\"high\" decoding=\"async\" width=\"300\" height=\"177\" src=\"https:\/\/www.maszkaron.pl\/wp-content\/uploads\/2026\/05\/Polska-Grupa-CNC-drewno-300x177.webp\" class=\"attachment-medium size-medium wp-image-2141\" alt=\"\" srcset=\"https:\/\/www.maszkaron.pl\/wp-content\/uploads\/2026\/05\/Polska-Grupa-CNC-drewno-300x177.webp 300w, https:\/\/www.maszkaron.pl\/wp-content\/uploads\/2026\/05\/Polska-Grupa-CNC-drewno-768x452.webp 768w, https:\/\/www.maszkaron.pl\/wp-content\/uploads\/2026\/05\/Polska-Grupa-CNC-drewno-18x12.webp 18w, https:\/\/www.maszkaron.pl\/wp-content\/uploads\/2026\/05\/Polska-Grupa-CNC-drewno-600x353.webp 600w, https:\/\/www.maszkaron.pl\/wp-content\/uploads\/2026\/05\/Polska-Grupa-CNC-drewno.webp 1000w\" sizes=\"(max-width: 300px) 100vw, 300px\" \/><\/div><\/a>\n\t\t\t\t<div class=\"elementor-post__badge\">Bez kategorii<\/div>\n\t\t\t\t<div class=\"elementor-post__avatar\">\n\t\t\t<img alt='janusz' src='https:\/\/secure.gravatar.com\/avatar\/0cd501f363f12e77671b368163f5e8e6f1cd2ebd5b3e1d12f558b5c6665b424a?s=128&#038;d=mm&#038;r=g' srcset='https:\/\/secure.gravatar.com\/avatar\/0cd501f363f12e77671b368163f5e8e6f1cd2ebd5b3e1d12f558b5c6665b424a?s=256&#038;d=mm&#038;r=g 2x' class='avatar avatar-128 photo' height='128' width='128' \/>\t\t<\/div>\n\t\t\t\t<div class=\"elementor-post__text\">\n\t\t\t\t<h2 class=\"elementor-post__title\">\n\t\t\t<a href=\"https:\/\/www.maszkaron.pl\/index.php\/2026\/05\/07\/jakie-drewno-wybrac-do-frezowania-cnc\/\" >\n\t\t\t\tJakie drewno wybra\u0107 do frezowania CNC?\t\t\t<\/a>\n\t\t<\/h2>\n\t\t\t\t<div class=\"elementor-post__excerpt\">\n\t\t\t<p>Jakie drewno wybra\u0107 do frezowania CNC? Przewodnik po gatunkach | Maszkaron Poradnik \u00b7 Materia\u0142y Maj 2026 9 min czytania Jakie drewnowybra\u0107 dofrezowania CNC? D\u0105b, orzech,<\/p>\n\t\t<\/div>\n\t\t\n\t\t<a class=\"elementor-post__read-more\" href=\"https:\/\/www.maszkaron.pl\/index.php\/2026\/05\/07\/jakie-drewno-wybrac-do-frezowania-cnc\/\" aria-label=\"Read more about Jakie drewno wybra\u0107 do frezowania CNC?\" tabindex=\"-1\" >\n\t\t\tCzytaj wi\u0119cej \u00bb\t\t<\/a>\n\n\t\t\t\t<\/div>\n\t\t\t\t<div class=\"elementor-post__meta-data\">\n\t\t\t\t\t<span class=\"elementor-post-date\">\n\t\t\t2026-05-07\t\t<\/span>\n\t\t\t\t<span class=\"elementor-post-avatar\">\n\t\t\tBrak komentarzy\t\t<\/span>\n\t\t\t\t<\/div>\n\t\t\t\t\t<\/div>\n\t\t<\/article>\n\t\t\t\t<article class=\"elementor-post elementor-grid-item post-2122 post type-post status-publish format-standard has-post-thumbnail hentry category-bez-kategorii\">\n\t\t\t<div class=\"elementor-post__card\">\n\t\t\t\t<a class=\"elementor-post__thumbnail__link\" href=\"https:\/\/www.maszkaron.pl\/index.php\/2026\/05\/07\/maszkaron\/\" tabindex=\"-1\" ><div class=\"elementor-post__thumbnail\"><img decoding=\"async\" width=\"187\" height=\"300\" src=\"https:\/\/www.maszkaron.pl\/wp-content\/uploads\/2026\/05\/maszkaron-mlodych-405x650-1-187x300.jpg\" class=\"attachment-medium size-medium wp-image-2135\" alt=\"\" srcset=\"https:\/\/www.maszkaron.pl\/wp-content\/uploads\/2026\/05\/maszkaron-mlodych-405x650-1-187x300.jpg 187w, https:\/\/www.maszkaron.pl\/wp-content\/uploads\/2026\/05\/maszkaron-mlodych-405x650-1-7x12.jpg 7w, https:\/\/www.maszkaron.pl\/wp-content\/uploads\/2026\/05\/maszkaron-mlodych-405x650-1.jpg 405w\" sizes=\"(max-width: 187px) 100vw, 187px\" \/><\/div><\/a>\n\t\t\t\t<div class=\"elementor-post__badge\">Bez kategorii<\/div>\n\t\t\t\t<div class=\"elementor-post__avatar\">\n\t\t\t<img alt='janusz' src='https:\/\/secure.gravatar.com\/avatar\/0cd501f363f12e77671b368163f5e8e6f1cd2ebd5b3e1d12f558b5c6665b424a?s=128&#038;d=mm&#038;r=g' srcset='https:\/\/secure.gravatar.com\/avatar\/0cd501f363f12e77671b368163f5e8e6f1cd2ebd5b3e1d12f558b5c6665b424a?s=256&#038;d=mm&#038;r=g 2x' class='avatar avatar-128 photo' height='128' width='128' \/>\t\t<\/div>\n\t\t\t\t<div class=\"elementor-post__text\">\n\t\t\t\t<h2 class=\"elementor-post__title\">\n\t\t\t<a href=\"https:\/\/www.maszkaron.pl\/index.php\/2026\/05\/07\/maszkaron\/\" >\n\t\t\t\tMaszkaron \u2014 grymas, kt\u00f3ry przetrwa\u0142 2000 lat\t\t\t<\/a>\n\t\t<\/h2>\n\t\t\t\t<div class=\"elementor-post__excerpt\">\n\t\t\t<p>Maszkaron \u2014 grymas, kt\u00f3ry przetrwa\u0142 2000 lat | Blog Maszkaron Historia \u00b7 Architektura Maj 2026 7 min czytania Maszkaron \u2014grymas, kt\u00f3ryprzetrwa\u0142 2000 lat Grozi, straszy,<\/p>\n\t\t<\/div>\n\t\t\n\t\t<a class=\"elementor-post__read-more\" href=\"https:\/\/www.maszkaron.pl\/index.php\/2026\/05\/07\/maszkaron\/\" aria-label=\"Read more about Maszkaron \u2014 grymas, kt\u00f3ry przetrwa\u0142 2000 lat\" tabindex=\"-1\" >\n\t\t\tCzytaj wi\u0119cej \u00bb\t\t<\/a>\n\n\t\t\t\t<\/div>\n\t\t\t\t<div class=\"elementor-post__meta-data\">\n\t\t\t\t\t<span class=\"elementor-post-date\">\n\t\t\t2026-05-07\t\t<\/span>\n\t\t\t\t<span class=\"elementor-post-avatar\">\n\t\t\tBrak komentarzy\t\t<\/span>\n\t\t\t\t<\/div>\n\t\t\t\t\t<\/div>\n\t\t<\/article>\n\t\t\t\t<\/div>\n\t\t\n\t\t\t\t\t\t<\/div>\n\t\t\t\t<\/div>\n\t\t\t\t\t<\/div>\n\t\t<\/div>\n\t\t\t\t\t<\/div>\n\t\t<\/section>\n\t\t\t\t<\/div>\n\t\t","protected":false},"excerpt":{"rendered":"","protected":false},"author":2,"featured_media":0,"parent":0,"menu_order":0,"comment_status":"closed","ping_status":"closed","template":"","meta":{"_monsterinsights_skip_tracking":false,"_monsterinsights_sitenote_active":false,"_monsterinsights_sitenote_note":"","_monsterinsights_sitenote_category":0,"footnotes":""},"class_list":["post-2110","page","type-page","status-publish","hentry"],"_links":{"self":[{"href":"https:\/\/www.maszkaron.pl\/index.php\/wp-json\/wp\/v2\/pages\/2110","targetHints":{"allow":["GET"]}}],"collection":[{"href":"https:\/\/www.maszkaron.pl\/index.php\/wp-json\/wp\/v2\/pages"}],"about":[{"href":"https:\/\/www.maszkaron.pl\/index.php\/wp-json\/wp\/v2\/types\/page"}],"author":[{"embeddable":true,"href":"https:\/\/www.maszkaron.pl\/index.php\/wp-json\/wp\/v2\/users\/2"}],"replies":[{"embeddable":true,"href":"https:\/\/www.maszkaron.pl\/index.php\/wp-json\/wp\/v2\/comments?post=2110"}],"version-history":[{"count":16,"href":"https:\/\/www.maszkaron.pl\/index.php\/wp-json\/wp\/v2\/pages\/2110\/revisions"}],"predecessor-version":[{"id":2150,"href":"https:\/\/www.maszkaron.pl\/index.php\/wp-json\/wp\/v2\/pages\/2110\/revisions\/2150"}],"wp:attachment":[{"href":"https:\/\/www.maszkaron.pl\/index.php\/wp-json\/wp\/v2\/media?parent=2110"}],"curies":[{"name":"wp","href":"https:\/\/api.w.org\/{rel}","templated":true}]}}